t is the units digit of r(-5)?
0
Suppose -4283 = -10*w + 2157. What is the tens digit of w?
4
Let n = 162 + -84. What is the tens digit of n?
7
Let z be (-8)/36 + 16/(-9). What is the units digit of ((-30)/(-9))/5*(91 - z)?
2
Suppose -3*y + 5929 = 4*i - 5875, -3*y = -i - 11824. What is the tens digit of y?
4
Suppose 1192 = 9*g + 364. Let p = g + -46. What is the tens digit of p?
4
Let l(p) be the second derivative of -p**4/12 - 11*p**3/6 - p**2 + p. Let n = 31 + -41. What is the units digit of l(n)?
8
Suppose -4*t = -n + 114 + 115, 438 = 2*n + 2*t. Suppose 2*l + 3*k - n = -0*k, 4*l = 2*k + 466. What is the tens digit of l?
1
Suppose -136 = -3*y + 2*b, 0 = 5*y + 2*b - 7*b - 225. Let g be ((-3)/1)/(73/(-365)). Let d = y - g. What is the tens digit of d?
3
Suppose 232*i - 226*i = 1578. What is the units digit of i?
3
What is the tens digit of (1679/(-46))/(1/36)*-1?
1
Let y = 649 - -124. What is the hundreds digit of y?
7
Let d(k) be the first derivative of k**4/4 + 10*k**3/3 - 4*k**2 + 3*k + 4. Let n be d(-11). Let m = n - -53. What is the tens digit of m?
2
What is the units digit of -3 + (-7 - -7) + 4 + 393?
4
Let b(f) = 11*f + 6. Let p(h) = -h**3 - 4*h**2 - h + 1. Let c be p(-4). What is the tens digit of b(c)?
6
Let o = -399 + 426. What is the units digit of o?
7
Let h(g) = g**3 - g**2 - 10*g + 5. Let p be h(8). Suppose 5*j - p = 2. What is the tens digit of j?
7
Let r = 6815 - 4171. What is the hundreds digit of r?
6
Suppose -z = 4*z - 45. Let j(p) = 2*p**2 - 13*p + 4. Let t be j(z). Suppose 0 = f - 4*b - t, 3*b - 92 = -3*f + 4*b. What is the units digit of f?
9
What is the hundreds digit of 4462/12 - (-25)/(-30)?
3
Let b(u) = u**3 + 3*u**2 + u + 4. Suppose 3*p + 4*m = 7 + 13, -2 = -2*p + 3*m. What is the units digit of b(p)?
0
Let h = -34 - -19. Suppose -3*x + 56 = 41. What is the units digit of ((-92)/x)/(6/h)?
6
What is the units digit of (-1 - -3)*1 - -22?
4
Let u(o) = -o**3 - 14*o**2 + 30*o - 2. Let y(g) = -g**3 - 15*g**2 + 31*g - 3. Let n(r) = 7*u(r) - 6*y(r). What is the tens digit of n(-11)?
0
Let m = 57 + 58. Let w = m + -27. What is the tens digit of w?
8
Suppose -568 = -4*f + 184. What is the units digit of f?
8
Let d = 42 - 37. Suppose -d*k = -61 - 229. What is the tens digit of k?
5
Let o(r) = -r**3 - 4*r**2 - 3*r - 8. Let i be o(-4). What is the units digit of i + (8/(-12) - 1156/(-6))?
6
Suppose -4*r - h = -155, 2*h = -r - h + 47. Let u = r + -32. Suppose 3*o - o - u = 0, -4*v + 4*o = -68. What is the tens digit of v?
2
Let c(a) = -a**3 + 6*a**2 - 24*a - 118. What is the units digit of c(-12)?
2
Let l = -1 - -4. Suppose -3 = -l*d + 2*d. Suppose -d*r = -7*r + 108. What is the units digit of r?
7
Let p be 80 + -1 - -3 - -2. Suppose -4*g + 155 = u - p, -109 = -2*g + 3*u. What is the tens digit of g?
5
Suppose -2*c - 5*d + 197 = 0, -4*c - 3*d + 359 = -0*d. What is the units digit of c?
6
Suppose -4*g + 32 = 3*k, 2*k + 5*g = 3*k + 21. Suppose -k*q + 22 = 2*p, 0*p = 4*p + 2*q - 20. Suppose -f - 90 = -p*f. What is the units digit of f?
5
Let q be 1 + 0 - (-2)/(-2). Let l(f) = -2*f + 5. Let x be l(q). Suppose x*v + 2*h + h - 168 = 0, 3*h = 2*v - 63. What is the units digit of v?
3
What is the units digit of 2933 - (-7)/(7/13)?
6
Let s = 48 + -44. Let j = -1 + 19. Let u = s + j. What is the tens digit of u?
2
Let i be 6/(-2) - 7*-9. Let a = 106 - i. Suppose 3*b + 5*q - a = 0, -5*b + 2*q + 3*q + 50 = 0. What is the units digit of b?
2
Let d(t) = 6*t + 25. Let f be d(-6). Let s(r) = r**2 - 8*r + 18. What is the hundreds digit of s(f)?
2
Suppose 2*w = 2*p + 540, 190 = w - 4*p - 92. What is the hundreds digit of w?
2
Suppose -p = 4*p - 3*g + 1, -p - g + 3 = 0. What is the tens digit of 1194/18 - p/3?
6
Suppose 2 = c - 1. Suppose 4*w - 35 = -c*w. What is the units digit of w?
5
Let s(p) = p**2 - 3*p - 16. Let y be s(5). Let d(a) = -4*a + 5. What is the tens digit of d(y)?
2
Let c = -8 + -1. What is the tens digit of ((-84)/(-18))/((-3)/c)?
1
Suppose 28*q = 25*q + 6. Suppose 2*t = -4, q*t = 3*h - 2*t - 194. What is the tens digit of h?
6
Let t = -12 + 17. Suppose s + t*d - 2*d = -6, 42 = 5*s - 3*d. Suppose 0 = -c + s*c - 245. What is the units digit of c?
9
Suppose -6*g = -3*g. Suppose -4*f + 229 + 71 = g. What is the tens digit of f?
7
Suppose 2*t - 23 = -2*t - 3*n, -3*t = -3*n - 12. Suppose 187 + 39 = 4*f - g, 0 = t*f - g - 283. What is the tens digit of f?
5
Let z be (15 + -12)*(-34)/3. Let u = -30 - z. Suppose 0 = 2*l - u*l + 16. What is the units digit of l?
8
Suppose -4*s + 4 - 8 = 0. Let f(m) = -36*m + 2. What is the tens digit of f(s)?
3
Suppose -4*m = 23 - 15, -4*t - m + 1990 = 0. What is the units digit of t?
8
Suppose -5*l = 23 - 8. Let p = 29 - l. What is the tens digit of p?
3
Let y(f) be the second derivative of 4*f + 1/12*f**4 - 3/2*f**2 + 0 + 2/3*f**3. What is the units digit of y(-6)?
9
Let u(f) = -60*f - 3. Let i be (-2)/4*(16 - 8). What is the hundreds digit of u(i)?
2
Let f = 161 + -146. What is the units digit of f?
5
Let q(v) = 102*v**2 + 3*v - 4. What is the tens digit of q(-2)?
9
Let r = -29 - -8. Suppose -4*j - 32 = -172. Let u = j + r. What is the units digit of u?
4
Let h = 1109 + -454. What is the tens digit of h?
5
Let v(t) = -7*t - 8. Let u be v(-7). Let g = u - -32. What is the units digit of g?
3
Let r(q) = -q**2 + 53*q - 89. What is the units digit of r(20)?
1
Suppose 2*h + 3*i - 382 + 113 = 0, 15 = 5*i. What is the units digit of h?
0
Let d be 2 + -5 + (-10)/5. Let m be 22 + 5/(d/(-3)). Let y = 3 + m. What is the units digit of y?
8
Suppose 235 = -2*t + 7*t. Suppose t = 7*q - 219. What is the units digit of q?
8
Suppose -2*s = -2*v + 64, -s = -4*v - 3*s + 116. Suppose -4*f = -f - 9. Suppose 2*z + f*z - v = 0. What is the units digit of z?
6
Suppose -3*g = 32 - 14. Let w(u) be the first derivative of -3*u**2 + 118. What is the tens digit of w(g)?
3
Let t = -288 + 639. What is the hundreds digit of t?
3
Let k = -82 + 86. What is the hundreds digit of (824/6 - 1) + k/6?
1
Let k = -18 + 20. Let i(a) = 5*a + 1. Let d be i(3). What is the units digit of (1/2)/(k/d)?
4
Suppose 30*o - 6*o = 14208. What is the units digit of o?
2
Let m(g) = -189*g - 13 + g**3 - 190*g - 19*g**2 + 385*g. What is the tens digit of m(19)?
0
Let u(l) = -5*l + 20. Let p(n) = -4*n + 20. Suppose -2*v - 3*v - 37 = 4*x, 0 = -2*x - v - 11. Let h(m) = x*u(m) + 4*p(m). What is the units digit of h(0)?
0
What is the hundreds digit of (-22 + -3)*(-1 - 84/20)?
1
Let z(v) = v**3 - 11*v**2 + 12*v + 6. Let n be z(9). Let u = 93 + n. What is the tens digit of u?
4
What is the units digit of (-531750)/(-1750) + (-2)/(-1*14)?
4
Let x(q) = -q**3 + 2*q**2 + 3*q + 1. Let m = -3 + 0. Let h = 6 + m. What is the units digit of x(h)?
1
Let y(z) = 217*z**3 - 2*z**2 + 2. What is the units digit of y(1)?
7
What is the tens digit of (0 + 0 - -1911) + 59/(-59)?
1
Suppose -3*b - 5*a + 1487 = 0, 0*b - 4*b + 4*a = -2004. What is the hundreds digit of b?
4
Let u(k) = 89*k**2 + 8*k + 39. What is the units digit of u(-3)?
6
Let l be (18/4)/(7/84). Suppose -r - l = -2*r. What is the tens digit of r?
5
Let w(j) = -664*j - 14. What is the thousands digit of w(-2)?
1
Let g(r) = -r**3 - 28*r**2 + 63*r - 105. What is the tens digit of g(-32)?
7
Let q = -1159 + 1718. Suppose 0 = -8*t + q + 881. Suppose -164 = -5*f - i, 5*f = -i - 4*i + t. What is the units digit of f?
2
Let c be -3*(-15)/(-9)*-1. Let f be (-4)/((-12)/c)*-3. Let a = f + 9. What is the units digit of a?
4
Suppose t - 2 = 2. Let i(o) = 2*o**2 + 9*o + 5. Let f(s) = -2*s**2 - 8*s - 4. Let l(b) = -4*f(b) - 3*i(b). What is the tens digit of l(t)?
5
Suppose 8*f + 2412 - 22156 = 0. What is the tens digit of f?
6
Let q = 932 + -543. What is the units digit of q?
9
Let l = 1666 - 575. What is the thousands digit of l?
1
Suppose 2 = 2*c + 3*p - 683, 2*c = -5*p + 683. What is the units digit of c?
4
Suppose 766 = o - 4*m, o - 3*m = -4*m + 761. What is the tens digit of o?
6
Let t(g) = 161*g**2 + 27*g + 55. What is the tens digit of t(-4)?
2
Let k be (11/(-3))/((-6)/126*-7). What is the units digit of (k/(165/306))/(9/(-30))?
8
Let z(c) = 6*c**3 - 2*c**2 + c. Let b be z(1). Suppose b*g - 4*g = 42. Suppose d - t - 4*t + 3 = 0, -2*d - 2*t = -g. What is the units digit of d?
7
Let h = 843 + -278. What is the tens digit of h